e
Does 29 divide 2436?
True
Is 145 a factor of 18560?
True
Is 9 a factor of 315?
True
Is 104 a multiple of 26?
True
Is 210 a multiple of 21?
True
Does 4 divide 7892?
True
Is 50 a factor of 150?
True
Does 33 divide 7590?
True
Is 5815 a multiple of 28?
False
Does 28 divide 9796?
False
Does 101 divide 448?
False
Is 1504 a multiple of 8?
True
Does 8 divide 901?
False
Is 94 a factor of 22025?
False
Is 43 a factor of 51772?
True
Is 83 a multiple of 3?
False
Is 12 a factor of 4488?
True
Is 25 a factor of 297?
False
Is 173 a multiple of 3?
False
Does 130 divide 2470?
True
Is 10 a factor of 21152?
False
Does 16 divide 228?
False
Is 458 a multiple of 40?
False
Is 377 a factor of 92369?
False
Does 26 divide 478?
False
Is 1100 a multiple of 11?
True
Is 1715 a multiple of 10?
False
Is 39 a multiple of 2?
False
Does 10 divide 8930?
True
Is 4 a factor of 434?
False
Does 3 divide 195?
True
Is 20862 a multiple of 74?
False
Is 58 a factor of 686?
False
Is 6216 a multiple of 168?
True
Is 473 a multiple of 88?
False
Is 24127 a multiple of 15?
False
Is 6 a factor of 667?
False
Is 16 a factor of 11236?
False
Is 62 a multiple of 9?
False
Is 12 a factor of 4368?
True
Is 6 a factor of 912?
True
Is 11 a factor of 11684?
False
Is 122 a factor of 488?
True
Does 18 divide 3659?
False
Is 11574 a multiple of 11?
False
Is 12464 a multiple of 16?
True
Is 139 a factor of 26819?
False
Is 18542 a multiple of 127?
True
Does 122 divide 2928?
True
Does 27 divide 3429?
True
Does 13 divide 12604?
False
Is 432 a multiple of 16?
True
Does 158 divide 58776?
True
Is 12 a factor of 14333?
False
Is 2 a factor of 810?
True
Is 6553 a multiple of 41?
False
Is 18 a factor of 720?
True
Does 224 divide 24691?
False
Is 32364 a multiple of 36?
True
Is 17 a factor of 3111?
True
Does 16 divide 22756?
False
Is 16932 a multiple of 34?
True
Is 78 a factor of 20592?
True
Is 264 a multiple of 19?
False
Does 13 divide 46657?
True
Is 38 a factor of 5637?
False
Does 32 divide 3808?
True
Does 9 divide 216?
True
Is 94178 a multiple of 98?
True
Is 132620 a multiple of 74?
False
Does 3 divide 216?
True
Is 13 a factor of 1898?
True
Does 20 divide 780?
True
Is 6 a factor of 1650?
True
Does 15 divide 1550?
False
Does 16 divide 26288?
True
Is 4335 a multiple of 27?
False
Does 10 divide 2064?
False
Is 138 a factor of 10412?
False
Does 3 divide 1476?
True
Is 3 a factor of 245?
False
Does 10 divide 23516?
False
Does 17 divide 455?
False
Does 13 divide 7527?
True
Is 48 a factor of 2441?
False
Is 1109 a multiple of 29?
False
Is 2 a factor of 1621?
False
Does 9 divide 22770?
True
Is 20 a factor of 2703?
False
Is 2327 a multiple of 31?
False
Is 11556 a multiple of 12?
True
Does 40 divide 240?
True
Does 3 divide 39?
True
Does 27 divide 39177?
True
Is 12 a factor of 1920?
True
Is 6 a factor of 3702?
True
Is 98 a factor of 8526?
True
Is 485 a multiple of 28?
False
Does 12 divide 696?
True
Is 41 a factor of 2091?
True
Does 38 divide 342?
True
Is 169 a factor of 6156?
False
Is 37143 a multiple of 19?
False
Is 8686 a multiple of 43?
True
Is 22971 a multiple of 48?
False
Is 12 a factor of 1728?
True
Is 21621 a multiple of 16?
False
Is 5531 a multiple of 39?
False
Is 31 a factor of 1116?
True
Does 16 divide 560?
True
Is 67416 a multiple of 212?
True
Is 1748 even?
True
Does 22 divide 19470?
True
Is 53 a factor of 9322?
False
Is 342 a multiple of 18?
True
Is 154 a multiple of 16?
False
Is 111 a multiple of 37?
True
Is 3 a factor of 39?
True
Is 86 a factor of 86?
True
Is 1022 a multiple of 7?
True
Is 45480 a multiple of 35?
False
Is 1100 a multiple of 44?
True
Does 21 divide 3996?
False
Does 77 divide 15932?
False
Is 3102 a multiple of 12?
False
Is 11 a factor of 2794?
True
Does 98 divide 996?
False
Does 10 divide 2641?
False
Is 13 a factor of 1961?
False
Does 72 divide 2016?
True
Is 7 a factor of 2254?
True
Is 5 a factor of 24314?
False
Is 8 a factor of 449?
False
Does 22 divide 6625?
False
Does 4 divide 593?
False
Is 17 a factor of 11128?
False
Does 14 divide 826?
True
Is 162 a multiple of 9?
True
Does 19 divide 14483?
False
Does 19 divide 7286?
False
Does 9 divide 610?
False
Does 12 divide 114?
False
Is 12 a factor of 3384?
True
Is 15210 a multiple of 130?
True
Does 6 divide 529?
False
Is 38974 a multiple of 26?
True
Does 19 divide 4446?
True
Does 113 divide 6441?
True
Is 19 a factor of 632?
False
Is 195 a factor of 19314?
False
Is 3 a factor of 7488?
True
Is 54463 a multiple of 143?
False
Does 38 divide 1139?
False
Is 13186 a multiple of 11?
False
Does 19 divide 304?
True
Does 9 divide 306?
True
Is 405 a multiple of 25?
False
Is 3 a factor of 179?
False
Does 32 divide 2496?
True
Does 35 divide 1166?
False
Is 14 a factor of 23912?
True
Is 150 a factor of 12750?
True
Is 896 a multiple of 28?
True
Is 49725 a multiple of 85?
True
Is 1532 a multiple of 49?
False
Is 7 a factor of 29?
False
Is 16 a factor of 8416?
True
Is 1312 a multiple of 17?
False
Is 4620 a multiple of 101?
False
Does 12 divide 4337?
False
Is 115 a multiple of 16?
False
Is 21 a factor of 966?
True
Is 37 a factor of 29897?
False
Does 243 divide 31601?
False
Is 3096 a multiple of 12?
True
Is 34840 a multiple of 15?
False
Is 540 a multiple of 27?
True
Does 5 divide 12232?
False
Is 2946 a multiple of 67?
False
Does 10 divide 4940?
True
Is 5238 a multiple of 54?
True
Is 3385 a multiple of 13?
False
Is 5247 a multiple of 7?
False
Is 320 a multiple of 8?
True
Is 11 a factor of 847?
True
Is 5904 a multiple of 46?
False
Does 17 divide 1955?
True
Is 65 a factor of 325?
True
Does 5 divide 5425?
True
Is 47 a factor of 4418?
True
Does 9 divide 941?
False
Is 6 a factor of 282?
True
Is 8 a factor of 656?
True
Is 6 a factor of 36943?
False
Is 5 a factor of 6206?
False
Is 5 a factor of 8735?
True
Is 239 a factor of 19598?
True
Is 358 a multiple of 18?
False
Is 24570 a multiple of 315?
True
Is 93 a factor of 558?
True
Is 84 a factor of 36055?
False
Is 18 a factor of 20663?
False
Is 2 a factor of 92?
True
Is 115 a factor of 1336?
False
Is 41 a factor of 41?
True
Is 190 a multiple of 3?
False
Is 260 a multiple of 13?
True
Is 1187 a multiple of 108?
False
Is 3 a factor of 1344?
True
Is 91 a factor of 71708?
True
Is 40 a factor of 26120?
True
Is 782 a multiple of 23?
True
Is 9 a factor of 3179?
False
Does 28 divide 308?
True
Does 96 divide 1560?
False
Does 73 divide 23141?
True
Is 41 a factor of 2050?
True
Is 59449 a multiple of 221?
True
Is 913 a multiple of 2?
False
Does 14 divide 182?
True
Is 54 a factor of 37041?
False
Is 97338 a multiple of 253?
False
Is 1348 a multiple of 4?
True
Is 389 a factor of 70409?
True
Is 2338 a multiple of 24?
False
Does 7 divide 93?
False
Is 18 a factor of 72?
True
Is 19258 a multiple of 9?
False
Is 10 a factor of 110?
True
Does 112 divide 5084?
False
Is 132 a factor of 3696?
True
Is 12 a factor of 3341?
False
Is 510 a multiple of 17?
True
Is 37 a factor of 5032?
True
Is 13 a factor of 1092?
True
Is 17 a factor of 1023?
False
Is 27 a factor of 3996?
True
Does 10 divide 910?
True
Is 17028 a multiple of 9?
True
Does 47 divide 282?
True
Is 147 a multiple of 2?
False
Is 101695 a multiple of 21?
False
Is 21 a factor of 2658?
False
Is 4 a factor of 181?
False
Does 16 divide 8798?
False
Is 23 a factor of 23299?
True
Is 228 a multiple of 5?
False
Is 31 a factor of 775?
True
Does 3 divide 13563?
True
Is 996 a multiple of 5?
False
Does 24 divide 514?
False
Is 27 a factor of 1616?
False
Does 43 divide 930?
False
Is 5 a factor of 971?
False
Is 6954 a multiple of 114?
True
Is 23 a factor of 3090?
False
Does 10 divide 2840?
True
Is 5 a factor of 608?
False
Is 476 a multiple of 34?
True
Does 6 divide 26?
False
Is 22341 a multiple of 11?
True
Is 12 a factor of 71610?
False
Is 32 a factor of 256?
True
Does 19 divide 60?
False
Does 24 divide 200?
False
Does 11 divide 22?
True
Is 7009 a multiple of 12?
False
Is 373 a multiple of 17?
False
Does 69 divide 74792?
False
Does 25 divide 400?
True
Does 12 divide 276?
True
Is 9068 a multiple of 22?
False
Is 13442 a multiple of 13?
True
Does 32 divide 20484?
False
Does 128 divide 21760?
True
Is 48100 a multiple of 13?
True
Is 56 a factor of 2032?
False
Is 1955 a multiple of 23?
True
Is 38 a multiple of 10?
False
Is 10 a factor of 3160?
True
Does 69 divide 17837?
False
Does 17 divide 7452?
False
Is 13 a factor of 33194?
False
Is